{"id":124,"date":"2016-08-11T08:49:34","date_gmt":"2016-08-11T06:49:34","guid":{"rendered":"http:\/\/pfadfinder-glinde.de\/?page_id=124"},"modified":"2017-10-09T12:49:31","modified_gmt":"2017-10-09T10:49:31","slug":"das-haus","status":"publish","type":"page","link":"https:\/\/pfadis-glinde.de\/?page_id=124","title":{"rendered":"Das Haus"},"content":{"rendered":"<p style=\"text-align: justify;\">Unser Haus ist schon sehr alt, was man ihm aber nicht ansieht. Es geh\u00f6rt zu einem Komplex aus drei H\u00e4usern, wobei eines davon die alte Gellhornparkvilla ist, in der sich heute ein Restaurant befindet. Unser Pfadihaus wird wohl damals ein Gesindehaus gewesen sein. Bevor wir die M\u00f6glichkeit bekamen es zu nutzen, wohnte dort eine Familie mit vielen Kindern und vielen Tieren. Die Kinder waren aber fast alle schon Erwachsen, so da\u00df f\u00fcr sie das Haus zu gro\u00df wurde.<br \/>\nUm es f\u00fcr die Jugendarbeit nutzbar zu machen, wurde zum einen die Statik verbessert, aber auch einige W\u00e4nde versetzt und der Toilettentrakt eingebaut. Die Renovierungen und Modernisierungen im Haus haben wir Pfadfinder aber in Eigenregie gemacht. So entstand im Sommer 1989 unser neues Pfadfinderdomizil, das im Winter bei eisigen Temperaturen offiziell an uns \u00fcbergeben wurde. Wir sind nur Mieter des Hauses, geh\u00f6ren tut es der Stadt Glinde.<br \/>\nEin gro\u00dfer Schock war die Nacht des 6.1.1999, ein Feuer zerst\u00f6rte den gesamten Dachstuhl und machte damit das Haus unbenutzbar.<br \/>\nWir lie\u00dfen uns nicht entmutigen, krempelten die \u00c4rmel hoch und verbrachten unz\u00e4hlige Stunden damit, alles wieder zu renovieren, nachdem die Stadt den Dachstuhl erneuern lie\u00df.<\/p>\n<p style=\"text-align: justify;\">Im Erdgescho\u00df befindet sich ein gro\u00dfer Raum, der meist als Speiseraum genutzt wird, da die K\u00fcche daneben liegt. Hinter der K\u00fcche sind die Duschen und 2 Waschbecken mit warm Wasser. Ebenfalls im Erdgescho\u00df zwei Gruppenr\u00e4ume, in denen ihr nachts schlafen und tags\u00fcber arbeiten, spielen, basteln&#8230; k\u00f6nnt. Im Obergescho\u00df sind drei weitere kleinere Gruppenr\u00e4ume und ein gro\u00dfer, sowie getrennte Jungen und M\u00e4dchentoiletten.<\/p>\n<p style=\"text-align: justify;\">Viele Pfadfindergruppen konnten wir schon als G\u00e4ste in unserem Haus begr\u00fc\u00dfen.<\/p>\n<p style=\"text-align: justify;\">Der Raumplan ist leider noch nicht aktualisiert, heute sind die R\u00e4ume im Obergescho\u00df anders eingerichtet.<\/p>\n<p style=\"text-align: justify;\">In K\u00fcrze werden wir aktuelle Bilder reinstellen!<\/p>\n","protected":false},"excerpt":{"rendered":"<p>Unser Haus ist schon sehr alt, was man ihm aber nicht ansieht. Es geh\u00f6rt zu einem Komplex aus drei H\u00e4usern, wobei eines davon die alte Gellhornparkvilla ist, in der sich heute ein Restaurant befindet. Unser <a class=\"more-link\" href=\"https:\/\/pfadis-glinde.de\/?page_id=124\">weiterlesen&#8230;<\/a><\/p>\n","protected":false},"author":2,"featured_media":0,"parent":20,"menu_order":0,"comment_status":"closed","ping_status":"closed","template":"","meta":{"footnotes":""},"class_list":["post-124","page","type-page","status-publish","hentry"],"_links":{"self":[{"href":"https:\/\/pfadis-glinde.de\/index.php?rest_route=\/wp\/v2\/pages\/124","targetHints":{"allow":["GET"]}}],"collection":[{"href":"https:\/\/pfadis-glinde.de\/index.php?rest_route=\/wp\/v2\/pages"}],"about":[{"href":"https:\/\/pfadis-glinde.de\/index.php?rest_route=\/wp\/v2\/types\/page"}],"author":[{"embeddable":true,"href":"https:\/\/pfadis-glinde.de\/index.php?rest_route=\/wp\/v2\/users\/2"}],"replies":[{"embeddable":true,"href":"https:\/\/pfadis-glinde.de\/index.php?rest_route=%2Fwp%2Fv2%2Fcomments&post=124"}],"version-history":[{"count":0,"href":"https:\/\/pfadis-glinde.de\/index.php?rest_route=\/wp\/v2\/pages\/124\/revisions"}],"up":[{"embeddable":true,"href":"https:\/\/pfadis-glinde.de\/index.php?rest_route=\/wp\/v2\/pages\/20"}],"wp:attachment":[{"href":"https:\/\/pfadis-glinde.de\/index.php?rest_route=%2Fwp%2Fv2%2Fmedia&parent=124"}],"curies":[{"name":"wp","href":"https:\/\/api.w.org\/{rel}","templated":true}]}}